)/(-34)) is divided by 9.
7
Let d be 18/(-12)*(-1 - 1). Let o = d + -1. Suppose 0 = 5*x - 5*q - 360, 9 = -x - o*q + 75. What is the remainder when x is divided by 24?
22
Let g(d) = 4*d**2 + 10*d + 14. Let v(p) = 4*p**2 + p - 1. Calculate the remainder when g(-5) is divided by v(2).
13
Suppose 3*w + 2*w = 785. Suppose 43 + w = 2*t. Suppose 3*g = g - 5*p + 12, 0 = -5*g + 5*p + t. What is the remainder when 29 is divided by g?
13
Let r(h) = -h**3 - 2*h**2 + 16*h - 5. Suppose 0 = 3*z + y - 66, 2*z - 5*y - 7 = 20. Calculate the remainder when z is divided by r(2).
10
Suppose 3*d - 179 = 2*n, 4*n - 412 + 121 = -5*d. Let w(l) = l**3 + 12*l**2 + 8*l - 13. What is the remainder when d is divided by w(-11)?
19
Let u(p) = -p**2 - p + 4. Let n be u(3). Let x be (2 - 1) + 80/n. Let t = x - -18. Calculate the remainder when 35 is divided by t.
8
Suppose 5*s = -15*s + 160. What is the remainder when 13 is divided by s?
5
Let a(j) = -9*j**3 - 2*j**2 + 2. Let b be a(2). Let c = b + 131. Calculate the remainder when c is divided by 42*(64/(-12))/(-8).
25
Let j(b) = b**3 + 3*b**2 + 3*b + 3. Let m = -20 + 22. Calculate the remainder when m is divided by j(-2).
0
Let o = -182 - -39. Let p = o + 257. Let c = -817 + 846. Calculate the remainder when p is divided by c.
27
Let a(i) be the third derivative of i**4/24 + 5*i**3/2 + 12*i**2. What is the remainder when a(9) is divided by 14?
10
Suppose 28*c - 2160 = -2*c. Calculate the remainder when c is divided by 44.
28
Suppose -3*g + 214*l - 212*l + 118 = 0, -2*l - 82 = -2*g. What is the remainder when 375 is divided by g?
15
Let m = 9 + 0. Let a(r) be the second derivative of r**3/3 - 25*r**2/2 - 8*r. Calculate the remainder when m is divided by a(14).
0
Let b be (-21)/(-35) - 1316/10. Let w = b + 175. Let n = 8 + 1. What is the remainder when w is divided by n?
8
Let j = -89 - -121. Calculate the remainder when 62 is divided by j.
30
Suppose 4*f - 31 = -2*r + 7, -f - 2*r = -2. What is the remainder when 489 is divided by f?
9
Calculate the remainder when 115 is divided by 15/(-35) - 234/(-7).
16
Let o = -4453 - -4467. Let w = -207 - -401. What is the remainder when w is divided by o?
12
Let l be (-56)/98 + (-137)/(-7). Let y = -16 + l. Calculate the remainder when y is divided by 1.
0
Suppose 40 - 16 = -4*o. What is the remainder when 28/21 + (-526)/o is divided by 18?
17
Let l = 841 + -842. Let g be 8/(-10)*(-30)/4. What is the remainder when (22*l)/(g/(-9)) is divided by 12?
9
Suppose 8*g - 176 = 1688. Suppose 0 = -15*j + 3158 - g. Calculate the remainder when j is divided by 33.
30
Let d = -36 + 27. Calculate the remainder when 27 is divided by 1 - (-3)/(d/(-39)).
13
Let a(x) = -2*x - 9 - 1 - 3. Let o = -39 - -28. Calculate the remainder when 16 is divided by a(o).
7
Suppose g - 14 = -0*g. Suppose -2*p = -4*f + g, -5*p - 2*f - 20 = -7*f. Calculate the remainder when 25 is divided by ((-9)/(-5))/(p/(-5)).
7
Let n = 468 + -448. Calculate the remainder when 43 is divided by n.
3
Let s = -1276 - -2067. Calculate the remainder when s is divided by 36.
35
Let s be (16/(-6))/4 - (-104)/3. Suppose -5*d - v + 63 = 0, -v = -3*d + s - 1. Let h(r) = 6*r**2 - r. Calculate the remainder when d is divided by h(1).
2
Suppose 2*m - 30 = -g + 7*m, -2*g + 32 = -3*m. Suppose -2 = 2*c - 0*h - 5*h, -2*h - g = -2*c. Calculate the remainder when c is divided by 5.
4
Let d be (8/6)/(8/12). Suppose -2*u - 25 = -3*g, 5*u + 15 = d*g + 2*u. What is the remainder when g is divided by 3?
0
Suppose -2*i - 5*t = 2*i - 289, -4*i - 4*t + 288 = 0. Let g(r) = r**3 + 9*r**2 + 4*r - 14. Calculate the remainder when i is divided by g(-8).
17
What is the remainder when 9 is divided by 8 - (-12)/9*6/(-8)?
2
Suppose -6*v + 1149 - 237 = 0. What is the remainder when v is divided by 20?
12
Suppose -r = -4*b + 20, 5*b = -r + 7 + 18. What is the remainder when 37 is divided by b?
2
Suppose 117 = 4*h - h + 5*w, -h + 49 = 5*w. Suppose 0*j + h = 2*j. Suppose -3*b + 13 = -2. Calculate the remainder when j is divided by b.
2
Let n = 10 + -6. Let p(q) = 3*q**2 + 9*q - 15. What is the remainder when p(n) is divided by 35?
34
Suppose -11*r = -6*r - 10. Suppose -2*z + 8 = 0, -6*o = -r*o - 4*z - 84. What is the remainder when o is divided by 10?
5
Suppose o - 385 = -3*k - 4*o, o = 5*k - 623. Let g = -106 + k. What is the remainder when 33 is divided by g?
14
Suppose 49 = 8*v - v. Calculate the remainder when 57 is divided by (24/v)/(22/77).
9
Suppose -2*k = 3*k - 40. Suppose 0 = 3*j - 7 - k. Calculate the remainder when -3 + 0 + 3 - -19 is divided by j.
4
Let a = -14 + 76. Let d(c) = c**3 + 9*c**2 - 4*c - 4. Let z be d(-4). Suppose 5*l = 13 + z. Calculate the remainder when a is divided by l.
20
Suppose 0 = 3*c - 69 - 9. Suppose -16*r + 323 + 909 = 0. Calculate the remainder when r is divided by c.
25
Suppose -11*p + 30 + 3 = 0. Suppose 0 = 3*u + p*a - 42, -5*u = -10*a + 8*a - 77. Calculate the remainder when 59 is divided by u.
14
Suppose 3*z = h - 8, 3*h - z - 6 = 2. Suppose s + 159 = 5*s + 5*c, 5*c + 87 = h*s. What is the remainder when s is divided by 12?
5
Let s(k) = k**2 + 5*k + 38. What is the remainder when 90 is divided by s(0)?
14
Suppose -5*w = -3*m - 15, -4*w - 5*m + 3*m = 10. Suppose w = -j + 1, -25 = -0*f + f - 5*j. Let s = -11 - f. What is the remainder when 24 is divided by s?
6
Let r = -229 - -243. What is the remainder when 1635 is divided by r?
11
Suppose 5*l + 30 = x, x - 11 - 3 = -3*l. What is the remainder when 52 is divided by x?
12
Suppose -13 - 7 = -4*o. Let q be ((-126)/35)/(4/(-70)). Let x = q - o. What is the remainder when x is divided by 15?
13
Let t(v) = -2*v**2 + 5*v**2 + v**2 + 2*v. Let o be t(-2). Suppose 10*r - 6*r - o = 0. What is the remainder when 5 is divided by r?
2
Let s = -13 + 17. Suppose 0*j + 2*j - z = 1, -s*z + 14 = -2*j. Let a(w) = 2*w + 1. What is the remainder when a(4) is divided by j?
0
Let j(a) = 2*a**3 + 13*a**2 - 5*a. Let c(w) = -w**3 - w**2 - w - 1. Let h(t) = -3*c(t) - j(t). Calculate the remainder when h(10) is divided by 28.
27
Let c be (-210)/(-2)*24/(-36). Let v = c - -94. What is the remainder when 62 is divided by v?
14
Let y = 13 + -10. Suppose -3 = -3*z, 3*z + 1 = 4*f - 12. Calculate the remainder when f is divided by y.
1
Suppose -10*s - 6 = -96. Calculate the remainder when ((-30)/9)/((-2)/21) is divided by s.
8
Let i be 20 + -1 + (0 - 0). Let j(w) = -w**3 - 5*w**2 + 1. Let x be j(-2). Let u = i - x. Calculate the remainder when u is divided by 11.
8
Let d = -649 - -693. What is the remainder when 351 is divided by d?
43
Let r = 77 + -43. Let a = r + -25. Calculate the remainder when 13 is divided by a.
4
Let f(d) = -d**2 - 30*d + 191. Calculate the remainder when 55 is divided by f(-35).
7
Suppose f - 5 = 7. Let u(k) = -2*k**2 + 6*k - 5. Let b be u(5). Let a = -18 - b. Calculate the remainder when f is divided by a.
5
Suppose -5*x - t + 99 = 0, 30 = 2*x - 9*t + 7*t. Calculate the remainder when 58 is divided by x.
1
Let p(d) = -81*d + 192. Let s(w) = -5*w + 12. Let u(k) = 6*p(k) - 99*s(k). Calculate the remainder when u(10) is divided by 11.
10
Suppose 232*i - 227*i = 1100. What is the remainder when i is divided by 74?
72
What is the remainder when ((-2)/13 + (-696)/208)*-56 is divided by 29?
22
What is the remainder when 69 is divided by (-1674)/(-135)*(-5)/(-2)?
7
Suppose 19*g - 79 = 510. Calculate the remainder when g is divided by 2/8 + 54/8.
3
Let n(o) = o**2 + 5*o + 3. Let p = 42 + -23. Let z = -28 + p. What is the remainder when n(z) is divided by 20?
19
Let s(l) = l**3 + 7*l**2 + 5*l - 2. Suppose -2*h + 60 = -26. What is the remainder when h is divided by s(-5)?
20
Let f(u) = u - 8. Let p be f(11). Suppose 0 = -p*r - 0*r + 45. Calculate the remainder when r is divided by 4.
3
Let a be 1/(3/6*2). Suppose 0 = 11*o - 276 + a. Calculate the remainder when 97 is divided by o.
22
Suppose -3*v - 10*o = -5*o - 83, 5*o - 41 = -v. What is the remainder when 202 is divided by v?
13
Let p = -27 - -42. Let j = 6 + p. What is the remainder when 59 is divided by j?
17
Suppose 2*h = -3*d - 15 - 11, -65 = 5*h + 2*d. Let b = h - -42. Let g = b + -14. What is the remainder when g is divided by 9?
6
Let a be -36 + (1 - 5) + 8. Let o = -20 - a. What is the remainder when 46 is divided by o?
10
Suppose 4*n - 3*u